{"id":762,"date":"2016-03-13T11:19:02","date_gmt":"2016-03-13T10:19:02","guid":{"rendered":"http:\/\/catanevermind.fr\/WordPress3\/?page_id=762"},"modified":"2021-02-19T09:57:54","modified_gmt":"2021-02-19T08:57:54","slug":"commentaires","status":"publish","type":"page","link":"http:\/\/catanevermind.fr\/WordPress3\/commentaires\/","title":{"rendered":"35  AVIS"},"content":{"rendered":"<p>Cl\u00e9mence et Fran\u00e7ois Xavier&nbsp; (juin 2014)<\/p>\n<p><a href=\"http:\/\/catanevermind.fr\/WordPress3\/wp-content\/uploads\/2016\/03\/CO1-e1457861860557.jpeg\" rel=\"attachment wp-att-766\"><img decoding=\"async\" class=\"alignnone size-medium wp-image-766\" src=\"http:\/\/catanevermind.fr\/WordPress3\/wp-content\/uploads\/2016\/03\/CO1-e1457861860557-171x300.jpeg\" alt=\"CO1\" width=\"171\" height=\"300\" srcset=\"http:\/\/catanevermind.fr\/WordPress3\/wp-content\/uploads\/2016\/03\/CO1-e1457861860557-171x300.jpeg 171w, http:\/\/catanevermind.fr\/WordPress3\/wp-content\/uploads\/2016\/03\/CO1-e1457861860557-768x1347.jpeg 768w, http:\/\/catanevermind.fr\/WordPress3\/wp-content\/uploads\/2016\/03\/CO1-e1457861860557-584x1024.jpeg 584w, http:\/\/catanevermind.fr\/WordPress3\/wp-content\/uploads\/2016\/03\/CO1-e1457861860557.jpeg 943w\" sizes=\"(max-width: 171px) 100vw, 171px\" \/><\/a><a href=\"http:\/\/catanevermind.fr\/WordPress3\/wp-content\/uploads\/2016\/03\/CO2-e1457862160141.jpeg\" rel=\"attachment wp-att-768\">&nbsp;&nbsp;&nbsp;&nbsp; <img decoding=\"async\" class=\"alignnone size-medium wp-image-768\" src=\"http:\/\/catanevermind.fr\/WordPress3\/wp-content\/uploads\/2016\/03\/CO2-e1457862160141-171x300.jpeg\" alt=\"CO2\" width=\"171\" height=\"300\" srcset=\"http:\/\/catanevermind.fr\/WordPress3\/wp-content\/uploads\/2016\/03\/CO2-e1457862160141-171x300.jpeg 171w, http:\/\/catanevermind.fr\/WordPress3\/wp-content\/uploads\/2016\/03\/CO2-e1457862160141-768x1347.jpeg 768w, http:\/\/catanevermind.fr\/WordPress3\/wp-content\/uploads\/2016\/03\/CO2-e1457862160141-584x1024.jpeg 584w, http:\/\/catanevermind.fr\/WordPress3\/wp-content\/uploads\/2016\/03\/CO2-e1457862160141.jpeg 943w\" sizes=\"(max-width: 171px) 100vw, 171px\" \/>&nbsp; &nbsp;<\/a><a href=\"http:\/\/catanevermind.fr\/WordPress3\/wp-content\/uploads\/2016\/03\/CO3-e1457862173642.jpeg\" rel=\"attachment wp-att-769\"> <img decoding=\"async\" class=\"alignnone size-medium wp-image-769\" src=\"http:\/\/catanevermind.fr\/WordPress3\/wp-content\/uploads\/2016\/03\/CO3-e1457862173642-173x300.jpeg\" alt=\"CO3\" width=\"173\" height=\"300\" srcset=\"http:\/\/catanevermind.fr\/WordPress3\/wp-content\/uploads\/2016\/03\/CO3-e1457862173642-173x300.jpeg 173w, http:\/\/catanevermind.fr\/WordPress3\/wp-content\/uploads\/2016\/03\/CO3-e1457862173642-768x1331.jpeg 768w, http:\/\/catanevermind.fr\/WordPress3\/wp-content\/uploads\/2016\/03\/CO3-e1457862173642-591x1024.jpeg 591w, http:\/\/catanevermind.fr\/WordPress3\/wp-content\/uploads\/2016\/03\/CO3-e1457862173642.jpeg 943w\" sizes=\"(max-width: 173px) 100vw, 173px\" \/>&nbsp; <\/a><\/p>\n<p>Corinne et Philippe&nbsp; (juin 2014)&nbsp;&nbsp;&nbsp;&nbsp;&nbsp; Philippe&nbsp;&nbsp; (septembre 2014)<\/p>\n<p><a href=\"http:\/\/catanevermind.fr\/WordPress3\/wp-content\/uploads\/2016\/03\/CO4-e1457862538713.jpeg\" rel=\"attachment wp-att-773\"><img decoding=\"async\" class=\"alignnone wp-image-773 size-medium\" src=\"http:\/\/catanevermind.fr\/WordPress3\/wp-content\/uploads\/2016\/03\/CO4-e1457862538713-175x300.jpeg\" alt=\"CO4\" width=\"175\" height=\"300\" srcset=\"http:\/\/catanevermind.fr\/WordPress3\/wp-content\/uploads\/2016\/03\/CO4-e1457862538713-175x300.jpeg 175w, http:\/\/catanevermind.fr\/WordPress3\/wp-content\/uploads\/2016\/03\/CO4-e1457862538713-768x1314.jpeg 768w, http:\/\/catanevermind.fr\/WordPress3\/wp-content\/uploads\/2016\/03\/CO4-e1457862538713-598x1024.jpeg 598w, http:\/\/catanevermind.fr\/WordPress3\/wp-content\/uploads\/2016\/03\/CO4-e1457862538713.jpeg 973w\" sizes=\"(max-width: 175px) 100vw, 175px\" \/><\/a><a href=\"http:\/\/catanevermind.fr\/WordPress3\/wp-content\/uploads\/2016\/03\/CO5-e1457862801784.jpeg\" rel=\"attachment wp-att-775\">&nbsp;&nbsp;&nbsp;&nbsp;&nbsp;&nbsp;&nbsp;&nbsp;&nbsp;&nbsp;&nbsp;&nbsp;&nbsp;&nbsp;&nbsp; <img decoding=\"async\" class=\"alignnone size-medium wp-image-775\" src=\"http:\/\/catanevermind.fr\/WordPress3\/wp-content\/uploads\/2016\/03\/CO5-e1457862801784-175x300.jpeg\" alt=\"CO5\" width=\"175\" height=\"300\" srcset=\"http:\/\/catanevermind.fr\/WordPress3\/wp-content\/uploads\/2016\/03\/CO5-e1457862801784-175x300.jpeg 175w, http:\/\/catanevermind.fr\/WordPress3\/wp-content\/uploads\/2016\/03\/CO5-e1457862801784-768x1314.jpeg 768w, http:\/\/catanevermind.fr\/WordPress3\/wp-content\/uploads\/2016\/03\/CO5-e1457862801784-598x1024.jpeg 598w, http:\/\/catanevermind.fr\/WordPress3\/wp-content\/uploads\/2016\/03\/CO5-e1457862801784.jpeg 973w\" sizes=\"(max-width: 175px) 100vw, 175px\" \/><\/a><\/p>\n<p>Jean louis, Jean, Annie et Christian&nbsp; (septembre 2014)<\/p>\n<p><a href=\"http:\/\/catanevermind.fr\/WordPress3\/wp-content\/uploads\/2016\/03\/CO6-e1457862975366.jpeg\" rel=\"attachment wp-att-777\"><img decoding=\"async\" class=\"alignnone size-medium wp-image-777\" src=\"http:\/\/catanevermind.fr\/WordPress3\/wp-content\/uploads\/2016\/03\/CO6-e1457862975366-177x300.jpeg\" alt=\"CO6\" width=\"177\" height=\"300\" srcset=\"http:\/\/catanevermind.fr\/WordPress3\/wp-content\/uploads\/2016\/03\/CO6-e1457862975366-177x300.jpeg 177w, http:\/\/catanevermind.fr\/WordPress3\/wp-content\/uploads\/2016\/03\/CO6-e1457862975366-768x1298.jpeg 768w, http:\/\/catanevermind.fr\/WordPress3\/wp-content\/uploads\/2016\/03\/CO6-e1457862975366-606x1024.jpeg 606w, http:\/\/catanevermind.fr\/WordPress3\/wp-content\/uploads\/2016\/03\/CO6-e1457862975366.jpeg 985w\" sizes=\"(max-width: 177px) 100vw, 177px\" \/><\/a><a href=\"http:\/\/catanevermind.fr\/WordPress3\/wp-content\/uploads\/2016\/03\/CO7-e1457863139297.jpeg\" rel=\"attachment wp-att-779\">&nbsp;&nbsp; &nbsp; &nbsp; &nbsp; &nbsp; &nbsp; &nbsp; <img decoding=\"async\" class=\"alignnone size-medium wp-image-779\" src=\"http:\/\/catanevermind.fr\/WordPress3\/wp-content\/uploads\/2016\/03\/CO7-e1457863139297-177x300.jpeg\" alt=\"CO7\" width=\"177\" height=\"300\" srcset=\"http:\/\/catanevermind.fr\/WordPress3\/wp-content\/uploads\/2016\/03\/CO7-e1457863139297-177x300.jpeg 177w, http:\/\/catanevermind.fr\/WordPress3\/wp-content\/uploads\/2016\/03\/CO7-e1457863139297-768x1298.jpeg 768w, http:\/\/catanevermind.fr\/WordPress3\/wp-content\/uploads\/2016\/03\/CO7-e1457863139297-606x1024.jpeg 606w, http:\/\/catanevermind.fr\/WordPress3\/wp-content\/uploads\/2016\/03\/CO7-e1457863139297.jpeg 985w\" sizes=\"(max-width: 177px) 100vw, 177px\" \/><\/a><\/p>\n<p>Jacques&nbsp; (septembre 2015)&nbsp;&nbsp;&nbsp;&nbsp;&nbsp;&nbsp;&nbsp;&nbsp;&nbsp;&nbsp; Philippe&nbsp;&nbsp; (septembre 2015)<\/p>\n<p><a href=\"http:\/\/catanevermind.fr\/WordPress3\/wp-content\/uploads\/2016\/03\/CO8-e1457863361895.jpeg\" rel=\"attachment wp-att-782\"><img decoding=\"async\" class=\"alignnone size-medium wp-image-782\" src=\"http:\/\/catanevermind.fr\/WordPress3\/wp-content\/uploads\/2016\/03\/CO8-e1457863361895-177x300.jpeg\" alt=\"CO8\" width=\"177\" height=\"300\" srcset=\"http:\/\/catanevermind.fr\/WordPress3\/wp-content\/uploads\/2016\/03\/CO8-e1457863361895-177x300.jpeg 177w, http:\/\/catanevermind.fr\/WordPress3\/wp-content\/uploads\/2016\/03\/CO8-e1457863361895-768x1298.jpeg 768w, http:\/\/catanevermind.fr\/WordPress3\/wp-content\/uploads\/2016\/03\/CO8-e1457863361895-606x1024.jpeg 606w, http:\/\/catanevermind.fr\/WordPress3\/wp-content\/uploads\/2016\/03\/CO8-e1457863361895.jpeg 985w\" sizes=\"(max-width: 177px) 100vw, 177px\" \/>&nbsp;&nbsp;&nbsp;&nbsp;&nbsp;&nbsp;&nbsp;&nbsp;&nbsp; &nbsp; &nbsp;&nbsp; <\/a><a href=\"http:\/\/catanevermind.fr\/WordPress3\/wp-content\/uploads\/2016\/03\/CO9-e1457863583253.jpeg\" rel=\"attachment wp-att-786\"><img decoding=\"async\" class=\"alignnone size-medium wp-image-786\" src=\"http:\/\/catanevermind.fr\/WordPress3\/wp-content\/uploads\/2016\/03\/CO9-e1457863583253-177x300.jpeg\" alt=\"CO9\" width=\"177\" height=\"300\" srcset=\"http:\/\/catanevermind.fr\/WordPress3\/wp-content\/uploads\/2016\/03\/CO9-e1457863583253-177x300.jpeg 177w, http:\/\/catanevermind.fr\/WordPress3\/wp-content\/uploads\/2016\/03\/CO9-e1457863583253-768x1298.jpeg 768w, http:\/\/catanevermind.fr\/WordPress3\/wp-content\/uploads\/2016\/03\/CO9-e1457863583253-606x1024.jpeg 606w, http:\/\/catanevermind.fr\/WordPress3\/wp-content\/uploads\/2016\/03\/CO9-e1457863583253.jpeg 985w\" sizes=\"(max-width: 177px) 100vw, 177px\" \/><\/a><\/p>\n<p>Fran\u00e7ois&nbsp; (septembre 2015)&nbsp;&nbsp;&nbsp;&nbsp;&nbsp;&nbsp;&nbsp;&nbsp;&nbsp;&nbsp;&nbsp;&nbsp; Pascal&nbsp;&nbsp; (septembre 2015)<\/p>\n<p><a href=\"http:\/\/catanevermind.fr\/WordPress3\/wp-content\/uploads\/2016\/03\/CO10-e1457863734741.jpeg\" rel=\"attachment wp-att-788\"><img decoding=\"async\" class=\"alignnone size-medium wp-image-788\" src=\"http:\/\/catanevermind.fr\/WordPress3\/wp-content\/uploads\/2016\/03\/CO10-e1457863734741-177x300.jpeg\" alt=\"CO10\" width=\"177\" height=\"300\" srcset=\"http:\/\/catanevermind.fr\/WordPress3\/wp-content\/uploads\/2016\/03\/CO10-e1457863734741-177x300.jpeg 177w, http:\/\/catanevermind.fr\/WordPress3\/wp-content\/uploads\/2016\/03\/CO10-e1457863734741-768x1298.jpeg 768w, http:\/\/catanevermind.fr\/WordPress3\/wp-content\/uploads\/2016\/03\/CO10-e1457863734741-606x1024.jpeg 606w, http:\/\/catanevermind.fr\/WordPress3\/wp-content\/uploads\/2016\/03\/CO10-e1457863734741.jpeg 985w\" sizes=\"(max-width: 177px) 100vw, 177px\" \/><\/a><a href=\"http:\/\/catanevermind.fr\/WordPress3\/wp-content\/uploads\/2016\/03\/CO11.jpeg\" rel=\"attachment wp-att-790\">&nbsp;&nbsp; <img decoding=\"async\" class=\"alignnone size-medium wp-image-790\" src=\"http:\/\/catanevermind.fr\/WordPress3\/wp-content\/uploads\/2016\/03\/CO11-300x182.jpeg\" alt=\"CO11\" width=\"300\" height=\"182\" srcset=\"http:\/\/catanevermind.fr\/WordPress3\/wp-content\/uploads\/2016\/03\/CO11-300x182.jpeg 300w, http:\/\/catanevermind.fr\/WordPress3\/wp-content\/uploads\/2016\/03\/CO11-768x466.jpeg 768w, http:\/\/catanevermind.fr\/WordPress3\/wp-content\/uploads\/2016\/03\/CO11-1024x622.jpeg 1024w, http:\/\/catanevermind.fr\/WordPress3\/wp-content\/uploads\/2016\/03\/CO11.jpeg 1637w\" sizes=\"(max-width: 300px) 100vw, 300px\" \/><br><\/a><\/p>\n<p>Christine&nbsp; (juillet 2016)<\/p>\n<p><a href=\"http:\/\/catanevermind.fr\/WordPress3\/wp-content\/uploads\/2017\/02\/CO12.jpeg\"><img decoding=\"async\" class=\"alignnone size-medium wp-image-911\" src=\"http:\/\/catanevermind.fr\/WordPress3\/wp-content\/uploads\/2017\/02\/CO12-185x300.jpeg\" alt=\"\" width=\"185\" height=\"300\" srcset=\"http:\/\/catanevermind.fr\/WordPress3\/wp-content\/uploads\/2017\/02\/CO12-185x300.jpeg 185w, http:\/\/catanevermind.fr\/WordPress3\/wp-content\/uploads\/2017\/02\/CO12-768x1243.jpeg 768w, http:\/\/catanevermind.fr\/WordPress3\/wp-content\/uploads\/2017\/02\/CO12-632x1024.jpeg 632w, http:\/\/catanevermind.fr\/WordPress3\/wp-content\/uploads\/2017\/02\/CO12.jpeg 995w\" sizes=\"(max-width: 185px) 100vw, 185px\" \/><\/a><\/p>\n<p>Marie C\u00e9cile,&nbsp; Mich\u00e8le, Herv\u00e9&nbsp; (juillet 2016)<\/p>\n<p><a href=\"http:\/\/catanevermind.fr\/WordPress3\/wp-content\/uploads\/2017\/02\/CO13.jpeg\"><img decoding=\"async\" class=\"alignnone size-medium wp-image-912\" src=\"http:\/\/catanevermind.fr\/WordPress3\/wp-content\/uploads\/2017\/02\/CO13-186x300.jpeg\" alt=\"\" width=\"186\" height=\"300\" srcset=\"http:\/\/catanevermind.fr\/WordPress3\/wp-content\/uploads\/2017\/02\/CO13-186x300.jpeg 186w, http:\/\/catanevermind.fr\/WordPress3\/wp-content\/uploads\/2017\/02\/CO13-768x1241.jpeg 768w, http:\/\/catanevermind.fr\/WordPress3\/wp-content\/uploads\/2017\/02\/CO13-634x1024.jpeg 634w, http:\/\/catanevermind.fr\/WordPress3\/wp-content\/uploads\/2017\/02\/CO13.jpeg 993w\" sizes=\"(max-width: 186px) 100vw, 186px\" \/><\/a>&nbsp; &nbsp; &nbsp; &nbsp; &nbsp; &nbsp;&nbsp; &nbsp; &nbsp; &nbsp; <a href=\"http:\/\/catanevermind.fr\/WordPress3\/wp-content\/uploads\/2017\/02\/CO14.jpeg\"><img decoding=\"async\" class=\"alignnone size-medium wp-image-913\" src=\"http:\/\/catanevermind.fr\/WordPress3\/wp-content\/uploads\/2017\/02\/CO14-184x300.jpeg\" alt=\"\" width=\"184\" height=\"300\" srcset=\"http:\/\/catanevermind.fr\/WordPress3\/wp-content\/uploads\/2017\/02\/CO14-184x300.jpeg 184w, http:\/\/catanevermind.fr\/WordPress3\/wp-content\/uploads\/2017\/02\/CO14-768x1253.jpeg 768w, http:\/\/catanevermind.fr\/WordPress3\/wp-content\/uploads\/2017\/02\/CO14-628x1024.jpeg 628w, http:\/\/catanevermind.fr\/WordPress3\/wp-content\/uploads\/2017\/02\/CO14.jpeg 991w\" sizes=\"(max-width: 184px) 100vw, 184px\" \/><\/a><\/p>\n<p>Jean Louis, Paul (septembre 2016)&nbsp;&nbsp;&nbsp;&nbsp; Monique, Nathalie&nbsp; (septembre 2016)<\/p>\n<p><a href=\"http:\/\/catanevermind.fr\/WordPress3\/wp-content\/uploads\/2017\/02\/CO15.jpeg\"><img decoding=\"async\" class=\"alignnone size-medium wp-image-914\" src=\"http:\/\/catanevermind.fr\/WordPress3\/wp-content\/uploads\/2017\/02\/CO15-186x300.jpeg\" alt=\"\" width=\"186\" height=\"300\" srcset=\"http:\/\/catanevermind.fr\/WordPress3\/wp-content\/uploads\/2017\/02\/CO15-186x300.jpeg 186w, http:\/\/catanevermind.fr\/WordPress3\/wp-content\/uploads\/2017\/02\/CO15-768x1241.jpeg 768w, http:\/\/catanevermind.fr\/WordPress3\/wp-content\/uploads\/2017\/02\/CO15-634x1024.jpeg 634w, http:\/\/catanevermind.fr\/WordPress3\/wp-content\/uploads\/2017\/02\/CO15.jpeg 1002w\" sizes=\"(max-width: 186px) 100vw, 186px\" \/><\/a><a href=\"http:\/\/catanevermind.fr\/WordPress3\/wp-content\/uploads\/2017\/02\/CO16.jpeg\">&nbsp;&nbsp;&nbsp;&nbsp;&nbsp;&nbsp;&nbsp;&nbsp;&nbsp;&nbsp;&nbsp;&nbsp;&nbsp;&nbsp;&nbsp;&nbsp;&nbsp;&nbsp;&nbsp; <img decoding=\"async\" class=\"alignnone size-medium wp-image-915\" src=\"http:\/\/catanevermind.fr\/WordPress3\/wp-content\/uploads\/2017\/02\/CO16-187x300.jpeg\" alt=\"\" width=\"187\" height=\"300\" srcset=\"http:\/\/catanevermind.fr\/WordPress3\/wp-content\/uploads\/2017\/02\/CO16-187x300.jpeg 187w, http:\/\/catanevermind.fr\/WordPress3\/wp-content\/uploads\/2017\/02\/CO16-768x1232.jpeg 768w, http:\/\/catanevermind.fr\/WordPress3\/wp-content\/uploads\/2017\/02\/CO16-638x1024.jpeg 638w, http:\/\/catanevermind.fr\/WordPress3\/wp-content\/uploads\/2017\/02\/CO16.jpeg 986w\" sizes=\"(max-width: 187px) 100vw, 187px\" \/><\/a><\/p>\n<p>Nadine , Jean Pierre ( mai 2017 )&nbsp;&nbsp;&nbsp;&nbsp;&nbsp;&nbsp;&nbsp;&nbsp;&nbsp;&nbsp;&nbsp;&nbsp;&nbsp;&nbsp;&nbsp;&nbsp;&nbsp;&nbsp;&nbsp;&nbsp;&nbsp;&nbsp;&nbsp;&nbsp;&nbsp;&nbsp;&nbsp;&nbsp;&nbsp;&nbsp;&nbsp;&nbsp;&nbsp;&nbsp;&nbsp;&nbsp; Jean Louis ( mai 2017 )<\/p>\n<p><a href=\"http:\/\/catanevermind.fr\/WordPress3\/wp-content\/uploads\/2017\/10\/CO17.jpeg\"><img decoding=\"async\" class=\"alignnone size-medium wp-image-939\" src=\"http:\/\/catanevermind.fr\/WordPress3\/wp-content\/uploads\/2017\/10\/CO17-178x300.jpeg\" alt=\"\" width=\"178\" height=\"300\" srcset=\"http:\/\/catanevermind.fr\/WordPress3\/wp-content\/uploads\/2017\/10\/CO17-178x300.jpeg 178w, http:\/\/catanevermind.fr\/WordPress3\/wp-content\/uploads\/2017\/10\/CO17-768x1295.jpeg 768w, http:\/\/catanevermind.fr\/WordPress3\/wp-content\/uploads\/2017\/10\/CO17-607x1024.jpeg 607w, http:\/\/catanevermind.fr\/WordPress3\/wp-content\/uploads\/2017\/10\/CO17.jpeg 955w\" sizes=\"(max-width: 178px) 100vw, 178px\" \/><\/a>&nbsp;&nbsp; &nbsp; &nbsp; &nbsp;&nbsp; &nbsp; &nbsp;&nbsp; <a href=\"http:\/\/catanevermind.fr\/WordPress3\/wp-content\/uploads\/2017\/10\/CO18.jpeg\"><img decoding=\"async\" class=\"alignnone size-medium wp-image-940\" src=\"http:\/\/catanevermind.fr\/WordPress3\/wp-content\/uploads\/2017\/10\/CO18-177x300.jpeg\" alt=\"\" width=\"177\" height=\"300\" srcset=\"http:\/\/catanevermind.fr\/WordPress3\/wp-content\/uploads\/2017\/10\/CO18-177x300.jpeg 177w, http:\/\/catanevermind.fr\/WordPress3\/wp-content\/uploads\/2017\/10\/CO18-768x1301.jpeg 768w, http:\/\/catanevermind.fr\/WordPress3\/wp-content\/uploads\/2017\/10\/CO18-605x1024.jpeg 605w, http:\/\/catanevermind.fr\/WordPress3\/wp-content\/uploads\/2017\/10\/CO18.jpeg 967w\" sizes=\"(max-width: 177px) 100vw, 177px\" \/> &nbsp;&nbsp; &nbsp; <\/a><a href=\"http:\/\/catanevermind.fr\/WordPress3\/wp-content\/uploads\/2017\/10\/CO19.jpeg\"><img decoding=\"async\" class=\"alignnone size-medium wp-image-941\" src=\"http:\/\/catanevermind.fr\/WordPress3\/wp-content\/uploads\/2017\/10\/CO19-179x300.jpeg\" alt=\"\" width=\"179\" height=\"300\" srcset=\"http:\/\/catanevermind.fr\/WordPress3\/wp-content\/uploads\/2017\/10\/CO19-179x300.jpeg 179w, http:\/\/catanevermind.fr\/WordPress3\/wp-content\/uploads\/2017\/10\/CO19-768x1290.jpeg 768w, http:\/\/catanevermind.fr\/WordPress3\/wp-content\/uploads\/2017\/10\/CO19-610x1024.jpeg 610w, http:\/\/catanevermind.fr\/WordPress3\/wp-content\/uploads\/2017\/10\/CO19.jpeg 976w\" sizes=\"(max-width: 179px) 100vw, 179px\" \/><\/a><\/p>\n<p>Edith, Etienne, Philippe ( septembre 2017 )&nbsp;&nbsp;&nbsp;&nbsp;&nbsp;&nbsp;&nbsp;&nbsp;&nbsp;&nbsp;&nbsp; Brigitte ( septembre 2017 )<\/p>\n<p><a href=\"http:\/\/catanevermind.fr\/WordPress3\/wp-content\/uploads\/2017\/10\/CO20.jpeg\">&nbsp; <img decoding=\"async\" class=\"alignnone size-medium wp-image-942\" src=\"http:\/\/catanevermind.fr\/WordPress3\/wp-content\/uploads\/2017\/10\/CO20-178x300.jpeg\" alt=\"\" width=\"178\" height=\"300\" srcset=\"http:\/\/catanevermind.fr\/WordPress3\/wp-content\/uploads\/2017\/10\/CO20-178x300.jpeg 178w, http:\/\/catanevermind.fr\/WordPress3\/wp-content\/uploads\/2017\/10\/CO20-768x1295.jpeg 768w, http:\/\/catanevermind.fr\/WordPress3\/wp-content\/uploads\/2017\/10\/CO20-607x1024.jpeg 607w, http:\/\/catanevermind.fr\/WordPress3\/wp-content\/uploads\/2017\/10\/CO20.jpeg 982w\" sizes=\"(max-width: 178px) 100vw, 178px\" \/>&nbsp; &nbsp; &nbsp; &nbsp; &nbsp; &nbsp; &nbsp; &nbsp; &nbsp; &nbsp; &nbsp; &nbsp; &nbsp; &nbsp; &nbsp; &nbsp; &nbsp; &nbsp; &nbsp;&nbsp; <\/a><a href=\"http:\/\/catanevermind.fr\/WordPress3\/wp-content\/uploads\/2017\/10\/CO21.jpeg\"><img decoding=\"async\" class=\"alignnone size-medium wp-image-943\" src=\"http:\/\/catanevermind.fr\/WordPress3\/wp-content\/uploads\/2017\/10\/CO21-188x300.jpeg\" alt=\"\" width=\"188\" height=\"300\" srcset=\"http:\/\/catanevermind.fr\/WordPress3\/wp-content\/uploads\/2017\/10\/CO21-188x300.jpeg 188w, http:\/\/catanevermind.fr\/WordPress3\/wp-content\/uploads\/2017\/10\/CO21-768x1224.jpeg 768w, http:\/\/catanevermind.fr\/WordPress3\/wp-content\/uploads\/2017\/10\/CO21-642x1024.jpeg 642w, http:\/\/catanevermind.fr\/WordPress3\/wp-content\/uploads\/2017\/10\/CO21.jpeg 986w\" sizes=\"(max-width: 188px) 100vw, 188px\" \/><\/a><\/p>\n<p>Corse \/ Elbe&nbsp;&nbsp;&nbsp;&nbsp; ( septembre 2019 )<\/p>\n<p>Maryse et Alain<\/p>\n<p><a href=\"http:\/\/catanevermind.fr\/WordPress3\/wp-content\/uploads\/2019\/10\/Capture-d\u2019e\u0301cran-2019-10-05-a\u0300-10.45.54.png\"><img decoding=\"async\" class=\"alignnone  wp-image-1127\" src=\"http:\/\/catanevermind.fr\/WordPress3\/wp-content\/uploads\/2019\/10\/Capture-d\u2019e\u0301cran-2019-10-05-a\u0300-10.45.54-300x105.png\" alt=\"\" width=\"580\" height=\"203\" srcset=\"http:\/\/catanevermind.fr\/WordPress3\/wp-content\/uploads\/2019\/10\/Capture-d\u2019e\u0301cran-2019-10-05-a\u0300-10.45.54-300x105.png 300w, http:\/\/catanevermind.fr\/WordPress3\/wp-content\/uploads\/2019\/10\/Capture-d\u2019e\u0301cran-2019-10-05-a\u0300-10.45.54-768x269.png 768w, http:\/\/catanevermind.fr\/WordPress3\/wp-content\/uploads\/2019\/10\/Capture-d\u2019e\u0301cran-2019-10-05-a\u0300-10.45.54.png 916w\" sizes=\"(max-width: 580px) 100vw, 580px\" \/><\/a><\/p>\n<p>Daniel<\/p>\n<p><a href=\"http:\/\/catanevermind.fr\/WordPress3\/wp-content\/uploads\/2019\/10\/Capture-d\u2019e\u0301cran-2019-10-05-a\u0300-10.46.56.png\"><img decoding=\"async\" class=\"alignnone  wp-image-1128\" src=\"http:\/\/catanevermind.fr\/WordPress3\/wp-content\/uploads\/2019\/10\/Capture-d\u2019e\u0301cran-2019-10-05-a\u0300-10.46.56-300x74.png\" alt=\"\" width=\"580\" height=\"143\" srcset=\"http:\/\/catanevermind.fr\/WordPress3\/wp-content\/uploads\/2019\/10\/Capture-d\u2019e\u0301cran-2019-10-05-a\u0300-10.46.56-300x74.png 300w, http:\/\/catanevermind.fr\/WordPress3\/wp-content\/uploads\/2019\/10\/Capture-d\u2019e\u0301cran-2019-10-05-a\u0300-10.46.56-768x189.png 768w, http:\/\/catanevermind.fr\/WordPress3\/wp-content\/uploads\/2019\/10\/Capture-d\u2019e\u0301cran-2019-10-05-a\u0300-10.46.56.png 960w\" sizes=\"(max-width: 580px) 100vw, 580px\" \/><\/a><\/p>\n<p>Bruno<\/p>\n<p><!--more--><a href=\"http:\/\/catanevermind.fr\/WordPress3\/wp-content\/uploads\/2019\/10\/Capture-d\u2019e\u0301cran-2019-10-05-a\u0300-19.17.13.png\"><img decoding=\"async\" class=\"alignnone  wp-image-1162\" src=\"http:\/\/catanevermind.fr\/WordPress3\/wp-content\/uploads\/2019\/10\/Capture-d\u2019e\u0301cran-2019-10-05-a\u0300-19.17.13-300x82.png\" alt=\"\" width=\"582\" height=\"159\" srcset=\"http:\/\/catanevermind.fr\/WordPress3\/wp-content\/uploads\/2019\/10\/Capture-d\u2019e\u0301cran-2019-10-05-a\u0300-19.17.13-300x82.png 300w, http:\/\/catanevermind.fr\/WordPress3\/wp-content\/uploads\/2019\/10\/Capture-d\u2019e\u0301cran-2019-10-05-a\u0300-19.17.13-768x210.png 768w, http:\/\/catanevermind.fr\/WordPress3\/wp-content\/uploads\/2019\/10\/Capture-d\u2019e\u0301cran-2019-10-05-a\u0300-19.17.13.png 956w\" sizes=\"(max-width: 582px) 100vw, 582px\" \/><\/a><\/p>\n<p><a href=\"http:\/\/catanevermind.fr\/WordPress3\/wp-content\/uploads\/2019\/10\/Capture-d\u2019e\u0301cran-2019-10-05-a\u0300-11.07.51.png\"><img decoding=\"async\" class=\"alignnone  wp-image-1129\" src=\"http:\/\/catanevermind.fr\/WordPress3\/wp-content\/uploads\/2019\/10\/Capture-d\u2019e\u0301cran-2019-10-05-a\u0300-11.07.51-300x74.png\" alt=\"\" width=\"580\" height=\"143\" srcset=\"http:\/\/catanevermind.fr\/WordPress3\/wp-content\/uploads\/2019\/10\/Capture-d\u2019e\u0301cran-2019-10-05-a\u0300-11.07.51-300x74.png 300w, http:\/\/catanevermind.fr\/WordPress3\/wp-content\/uploads\/2019\/10\/Capture-d\u2019e\u0301cran-2019-10-05-a\u0300-11.07.51-768x191.png 768w, http:\/\/catanevermind.fr\/WordPress3\/wp-content\/uploads\/2019\/10\/Capture-d\u2019e\u0301cran-2019-10-05-a\u0300-11.07.51.png 838w\" sizes=\"(max-width: 580px) 100vw, 580px\" \/><\/a><\/p>\n<p>Chantal<\/p>\n<p><a href=\"http:\/\/catanevermind.fr\/WordPress3\/wp-content\/uploads\/2019\/10\/Capture-d\u2019e\u0301cran-2019-10-05-a\u0300-12.59.25.png\"><img decoding=\"async\" class=\"alignnone  wp-image-1157\" src=\"http:\/\/catanevermind.fr\/WordPress3\/wp-content\/uploads\/2019\/10\/Capture-d\u2019e\u0301cran-2019-10-05-a\u0300-12.59.25-300x83.png\" alt=\"\" width=\"578\" height=\"160\" srcset=\"http:\/\/catanevermind.fr\/WordPress3\/wp-content\/uploads\/2019\/10\/Capture-d\u2019e\u0301cran-2019-10-05-a\u0300-12.59.25-300x83.png 300w, http:\/\/catanevermind.fr\/WordPress3\/wp-content\/uploads\/2019\/10\/Capture-d\u2019e\u0301cran-2019-10-05-a\u0300-12.59.25-768x214.png 768w, http:\/\/catanevermind.fr\/WordPress3\/wp-content\/uploads\/2019\/10\/Capture-d\u2019e\u0301cran-2019-10-05-a\u0300-12.59.25.png 927w\" sizes=\"(max-width: 578px) 100vw, 578px\" \/><\/a><\/p>\n<p>Philippe et Francis<\/p>\n<p>Tour de Corse 2020<\/p>\n\n\n<figure class=\"wp-block-image size-large\"><img decoding=\"async\" width=\"629\" height=\"1024\" src=\"http:\/\/catanevermind.fr\/WordPress3\/wp-content\/uploads\/2020\/10\/IMG_1954-629x1024.jpg\" alt=\"\" class=\"wp-image-1182\" srcset=\"http:\/\/catanevermind.fr\/WordPress3\/wp-content\/uploads\/2020\/10\/IMG_1954-629x1024.jpg 629w, http:\/\/catanevermind.fr\/WordPress3\/wp-content\/uploads\/2020\/10\/IMG_1954-184x300.jpg 184w, http:\/\/catanevermind.fr\/WordPress3\/wp-content\/uploads\/2020\/10\/IMG_1954-768x1251.jpg 768w, http:\/\/catanevermind.fr\/WordPress3\/wp-content\/uploads\/2020\/10\/IMG_1954-943x1536.jpg 943w, http:\/\/catanevermind.fr\/WordPress3\/wp-content\/uploads\/2020\/10\/IMG_1954-scaled.jpg 1258w\" sizes=\"(max-width: 629px) 100vw, 629px\" \/><\/figure>\n\n\n\n<p>Bruno<\/p>\n\n\n\n<p>Tour de Corse 20202<\/p>\n\n\n\n<figure class=\"wp-block-image size-large\"><img decoding=\"async\" width=\"778\" height=\"1024\" src=\"http:\/\/catanevermind.fr\/WordPress3\/wp-content\/uploads\/2020\/10\/IMG_1955-778x1024.jpg\" alt=\"\" class=\"wp-image-1181\" srcset=\"http:\/\/catanevermind.fr\/WordPress3\/wp-content\/uploads\/2020\/10\/IMG_1955-778x1024.jpg 778w, http:\/\/catanevermind.fr\/WordPress3\/wp-content\/uploads\/2020\/10\/IMG_1955-228x300.jpg 228w, http:\/\/catanevermind.fr\/WordPress3\/wp-content\/uploads\/2020\/10\/IMG_1955-768x1011.jpg 768w, http:\/\/catanevermind.fr\/WordPress3\/wp-content\/uploads\/2020\/10\/IMG_1955-1166x1536.jpg 1166w, http:\/\/catanevermind.fr\/WordPress3\/wp-content\/uploads\/2020\/10\/IMG_1955-scaled.jpg 1555w\" sizes=\"(max-width: 778px) 100vw, 778px\" \/><\/figure>\n","protected":false},"excerpt":{"rendered":"<p>Cl\u00e9mence et Fran\u00e7ois Xavier&nbsp; (juin 2014) &nbsp;&nbsp;&nbsp;&nbsp; &nbsp; &nbsp; &nbsp; Corinne et Philippe&nbsp; (juin 2014)&nbsp;&nbsp;&nbsp;&nbsp;&nbsp; Philippe&nbsp;&nbsp; (septembre 2014) &nbsp;&nbsp;&nbsp;&nbsp;&nbsp;&nbsp;&nbsp;&nbsp;&nbsp;&nbsp;&nbsp;&nbsp;&nbsp;&nbsp;&nbsp; Jean louis, Jean, Annie et Christian&nbsp; (septembre 2014) &nbsp;&nbsp; &nbsp; &nbsp; &nbsp; &nbsp; &nbsp; &nbsp; Jacques&nbsp; (septembre 2015)&nbsp;&nbsp;&nbsp;&nbsp;&nbsp;&nbsp;&nbsp;&nbsp;&nbsp;&nbsp; Philippe&nbsp;&nbsp; (septembre 2015) &nbsp;&nbsp;&nbsp;&nbsp;&nbsp;&nbsp;&nbsp;&nbsp;&nbsp; &nbsp; &nbsp;&nbsp; Fran\u00e7ois&nbsp; (septembre 2015)&nbsp;&nbsp;&nbsp;&nbsp;&nbsp;&nbsp;&nbsp;&nbsp;&nbsp;&nbsp;&nbsp;&nbsp; Pascal&nbsp;&nbsp; (septembre 2015) &nbsp;&nbsp; Christine&nbsp; (juillet 2016) Marie C\u00e9cile,&nbsp; &hellip; <a href=\"http:\/\/catanevermind.fr\/WordPress3\/commentaires\/\" class=\"more-link\">Continuer la lecture de <span class=\"screen-reader-text\">35  AVIS<\/span> <span class=\"meta-nav\">&rarr;<\/span><\/a><\/p>\n","protected":false},"author":1,"featured_media":0,"parent":0,"menu_order":0,"comment_status":"closed","ping_status":"closed","template":"","meta":{"footnotes":""},"class_list":["post-762","page","type-page","status-publish","hentry"],"aioseo_notices":[],"_links":{"self":[{"href":"http:\/\/catanevermind.fr\/WordPress3\/wp-json\/wp\/v2\/pages\/762","targetHints":{"allow":["GET"]}}],"collection":[{"href":"http:\/\/catanevermind.fr\/WordPress3\/wp-json\/wp\/v2\/pages"}],"about":[{"href":"http:\/\/catanevermind.fr\/WordPress3\/wp-json\/wp\/v2\/types\/page"}],"author":[{"embeddable":true,"href":"http:\/\/catanevermind.fr\/WordPress3\/wp-json\/wp\/v2\/users\/1"}],"replies":[{"embeddable":true,"href":"http:\/\/catanevermind.fr\/WordPress3\/wp-json\/wp\/v2\/comments?post=762"}],"version-history":[{"count":40,"href":"http:\/\/catanevermind.fr\/WordPress3\/wp-json\/wp\/v2\/pages\/762\/revisions"}],"predecessor-version":[{"id":1184,"href":"http:\/\/catanevermind.fr\/WordPress3\/wp-json\/wp\/v2\/pages\/762\/revisions\/1184"}],"wp:attachment":[{"href":"http:\/\/catanevermind.fr\/WordPress3\/wp-json\/wp\/v2\/media?parent=762"}],"curies":[{"name":"wp","href":"https:\/\/api.w.org\/{rel}","templated":true}]}}